or of 37887 and 219.
219
What is the greatest common factor of 15208 and 16?
8
What is the highest common factor of 684 and 5396?
76
Calculate the highest common factor of 102 and 1166829.
51
What is the highest common divisor of 31764 and 249?
3
What is the greatest common factor of 5634339 and 723?
723
Calculate the highest common divisor of 144040 and 120.
40
Calculate the highest common factor of 162 and 35586.
54
Calculate the highest common divisor of 3399 and 32651.
103
What is the highest common divisor of 230 and 64446?
46
Calculate the highest common divisor of 4510 and 2290.
10
What is the highest common divisor of 6512 and 717134?
814
What is the highest common factor of 210 and 906045?
105
Calculate the highest common divisor of 61814 and 3782.
62
Calculate the highest common divisor of 54612 and 144.
36
What is the highest common factor of 3084 and 354?
6
Calculate the greatest common factor of 40626 and 369.
9
What is the highest common divisor of 214549 and 721?
103
Calculate the greatest common factor of 9255 and 63.
3
Calculate the greatest common divisor of 45 and 149.
1
What is the highest common factor of 1883 and 23?
1
What is the greatest common divisor of 861424 and 2176?
272
What is the highest common divisor of 195615 and 151875?
1215
What is the greatest common factor of 2346 and 714?
102
Calculate the greatest common factor of 2838 and 1188.
66
What is the greatest common divisor of 24 and 12568344?
24
Calculate the highest common factor of 652 and 280523.
163
What is the highest common divisor of 2064908 and 8?
4
What is the highest common divisor of 9815 and 1053?
13
Calculate the greatest common divisor of 540 and 45460.
20
Calculate the greatest common divisor of 107 and 668429.
107
What is the greatest common factor of 2484 and 391851?
621
What is the highest common divisor of 57063 and 3308?
827
Calculate the highest common factor of 3405 and 1073256.
681
What is the greatest common divisor of 168 and 23016?
168
Calculate the greatest common factor of 8575 and 3250.
25
Calculate the highest common divisor of 472 and 171032.
8
What is the greatest common divisor of 4842 and 5058?
18
Calculate the highest common divisor of 21263 and 11.
11
What is the highest common factor of 16 and 13054?
2
Calculate the greatest common divisor of 64310 and 3127.
59
Calculate the highest common factor of 156 and 165516.
156
What is the greatest common divisor of 1835 and 4043239?
367
What is the highest common factor of 699448 and 1251?
139
What is the greatest common factor of 264 and 110616?
264
Calculate the highest common factor of 20413 and 68391.
149
What is the greatest common factor of 630 and 1440?
90
What is the greatest common factor of 351 and 16020?
9
Calculate the greatest common factor of 207 and 2098336.
23
What is the highest common factor of 7756 and 126?
14
What is the greatest common factor of 57 and 300409?
19
Calculate the greatest common divisor of 297636 and 816.
204
Calculate the greatest common factor of 330 and 37774.
22
Calculate the greatest common factor of 44416 and 640.
128
What is the highest common factor of 4277 and 1448681?
611
Calculate the highest common divisor of 17 and 71009.
17
Calculate the highest common factor of 2184 and 282.
6
Calculate the greatest common divisor of 80146 and 2288.
22
Calculate the greatest common factor of 388688 and 272.
272
What is the highest common factor of 140 and 46732?
28
What is the highest common factor of 25900 and 18900?
700
What is the highest common divisor of 11 and 2644?
1
Calculate the greatest common factor of 4199 and 169.
13
Calculate the highest common divisor of 13689 and 24867.
81
What is the highest common divisor of 27246 and 5130?
114
What is the greatest common factor of 14040 and 450?
90
What is the greatest common factor of 4150380 and 1565?
1565
Calculate the greatest common factor of 39746 and 16898.
238
Calculate the greatest common divisor of 96669 and 414.
207
What is the greatest common divisor of 3487 and 88?
11
Calculate the highest common factor of 13029 and 3333.
303
Calculate the greatest common divisor of 301 and 1505.
301
What is the highest common divisor of 19398 and 2684?
122
What is the highest common divisor of 18819 and 4131?
459
What is the greatest common factor of 163200 and 14025?
1275
Calculate the highest common divisor of 900 and 88175.
25
Calculate the greatest common divisor of 200 and 232520.
40
What is the highest common factor of 871 and 9313?
67
Calculate the greatest common factor of 1894840 and 120.
40
Calculate the greatest common divisor of 12125 and 78861.
97
Calculate the greatest common factor of 1221740 and 52.
52
Calculate the highest common factor of 261533 and 299.
23
Calculate the greatest common divisor of 2232 and 41788.
124
Calculate the highest common divisor of 92 and 42803.
23
Calculate the highest common divisor of 4 and 40576.
4
What is the highest common factor of 7 and 6937?
7
What is the greatest common factor of 8673 and 9261?
147
What is the highest common factor of 374049 and 819?
117
Calculate the highest common divisor of 4856 and 472.
8
Calculate the greatest common factor of 72813 and 741.
39
What is the highest common factor of 317079 and 392?
49
What is the highest common divisor of 820 and 113324?
164
Calculate the greatest common divisor of 9432 and 4356.
36
Calculate the highest common divisor of 1228760 and 520.
520
What is the highest common factor of 39 and 656877?
39
What is the highest common factor of 152 and 13860?
4
What is the highest common divisor of 6931 and 2668?
29
What is the greatest common factor of 561 and 10047?
51
Calculate the greatest common factor of 3148464 and 1584.
528
What is the highest common divisor of 2380835 and 15?
5
Calculate the highest common divisor of 214 and 1614.
2
Calculate the highest common factor of 7277 and 57.
19
What is the greatest common factor of 55462 and 22?
22
What is the greatest common factor of 305 and 100025?
5
Calculate the highest common divisor of 209664 and 1404.
468
Calculate the highest common divisor of 4050 and 8130.
30
What is the highest common divisor of 65120 and 1136?
16
Calculate the highest common divisor of 2484 and 529632.
108
Calculate the greatest common divisor of 1127 and 6517.
49
Calculate the highest common factor of 751843 and 93.
31
Calculate the greatest common factor of 800 and 340.
20
What is the greatest common divisor of 36272 and 3344?
16
What is the highest common divisor of 719922 and 56?
14
What is the greatest common divisor of 28200 and 160?
40
Calculate the greatest common divisor of 12309 and 2343.
33
Calculate the highest common divisor of 27772 and 424.
212
What is the highest common factor of 192 and 44676?
12
Calculate the greatest common factor of 6963 and 103179.
633
What is the highest common factor of 3600 and 5752?
8
Calculate the greatest common factor of 6450 and 757230.
1290
Calculate the highest common divisor of 12140 and 380.
20
Calculate the highest common factor of 1339086 and 168.
42
Calculate the highest common divisor of 1890048 and 256.
256
What is the highest common divisor of 159744 and 192?
192
What is the greatest common divisor of 200 and 1768?
8
What is the greatest common divisor of 64 and 688544?
32
Calculate the highest common divisor of 170 and 244562.
34
Calculate the highest common factor of 58545 and 63.
9
Calculate the greatest common factor of 36 and 3716.
4
Calculate the highest common factor of 7 and 559909.
7
Calculate the highest common divisor of 3332432 and 16.
16
What is the greatest common divisor of 48717 and 18?
9
Calculate the greatest common divisor of 2112 and 18216.
264
What is the greatest common factor of 4900 and 62475?
1225
What is the greatest common divisor of 132 and 5456?
44
What is the highest common factor of 1 and 31272?
1
What is the highest common factor of 11 and 1053349?
11
Calculate the greatest common divisor of 1027 and 10599667.
1027
Calculate the highest common factor of 4014 and 2178.
18
Calculate the highest common divisor of 56 and 5496.
8
What is the greatest common divisor of 26691 and 10199?
217
Calculate the greatest common factor of 60 and 2537940.
60
Calculate the greatest common factor of 9 a